z - 8. Let a(i) = 7*g(i) + 2*s(i). What is a(4)?
9
Let q = -1 + 1. Suppose -2*k = -q*k. Let s(j) = 2*j - j**3 + 2*j + 6 - 3*j - j**2. Calculate s(k).
6
Suppose 0 = 5*a + 3*f + 10, 0*a - 5*f = -a + 26. Let h = a + 4. Let n(t) be the first derivative of -t**3/3 + 5*t**2/2 - 4*t + 43. Calculate n(h).
-4
Let m be (2/(-6))/((-1)/6). Suppose -3*f = m*q + 6 - 0, 15 = 5*q. Let v(w) = -w. Determine v(f).
4
Let g(i) be the second derivative of i**4/6 + i**3/3 - 3*i**2/2 - 2*i. Let a(s) be the first derivative of g(s). Give a(-2).
-6
Suppose -j - 6*h = -h + 21, 4*h = -3*j - 8. Let q(x) = -x**3 + 6*x**2 - 6*x. Determine q(j).
8
Let g(o) be the second derivative of o**3 + 0 + 1/6*o**4 + o + 0*o**2. What is g(-4)?
8
Let a(o) = -8*o - 9. Let h(m) = -7*m - 8. Let g(b) = -6*a(b) + 7*h(b). Let w be g(-7). Let n(d) = -d + 1. Give n(w).
-4
Suppose -3*p + 5*m = -19, -5*p = -m + 2*m - 69. Let d(g) = 0*g + p - g - 13 + g**2. Give d(0).
0
Let y(i) = i**2 + 8*i - 8. Let x be y(-9). Suppose -m - x = 1. Let k = m + 1. Let s(c) = -7*c - 1. What is s(k)?
6
Let z(u) = 2*u + 1196 - u**3 - 4*u**2 - 1196. Give z(-4).
-8
Let t(j) = -3*j**2 + 7*j + 8. Let y(c) = 2*c**2 - 5*c - 5. Let g(o) = -5*t(o) - 8*y(o). Calculate g(4).
4
Let h be 85/(-15) - (-6)/9. Let n(q) = -2*q. Calculate n(h).
10
Suppose 2*n = c - 0 - 5, c = -4*n - 1. Let b(j) = 5*j**2 + 1. Let q be b(1). Let f(r) = -3 + q + 9*r - 2. Determine f(n).
-8
Let p(s) = s**3 + 5*s**2 + 7*s + 5. Let c be -6 + 14 - (1 + -1). Suppose t + t = -c. What is p(t)?
-7
Let u be (-8)/(-3) + 8/(-12). Let p(x) = 1 - 4*x**2 + x**2 + u*x**2. Give p(-2).
-3
Suppose 0*b - 5*b = -20. Let m(h) = -2 + 3*h - b + 0. Let g(u) = u**2 + 16*u + 4. Let p be g(-16). Determine m(p).
6
Let x = -23 - -27. Let l(k) = 2*k - 1. Determine l(x).
7
Let q(k) = 3*k**2 + 3*k + 1. Let z(b) = b**2 - 2*b + 4. Let x(i) = 4*i**2 - 6*i + 13. Let h(o) = 2*x(o) - 7*z(o). Let d be h(-2). Determine q(d).
7
Suppose -3*v = -2*i + 7, 4*i - 3 = v - 6*v. Let l(x) = 2*x**2 - 2*x - 2. Calculate l(i).
2
Let p = -20 + 14. Let q(w) = w**3 + 6*w**2 + 6. What is q(p)?
6
Let v be ((-4)/(-6))/(3/54). Let h be ((-16)/(-6))/(8/v). Let q(g) = -g**2 + 4*g + 5. Determine q(h).
5
Let s(x) be the first derivative of x**4/4 + 4*x**3/3 - 3*x**2 + 6*x - 15. Calculate s(-5).
11
Let a(v) = v**2 + 6*v + 5. Let h be a(-5). Let f(q) = -6 - 6 - q**2 - 5 + q + 5. What is f(h)?
-12
Let t(n) = -n. Let h(u) = -u**2 + 18*u + 4. Let k(w) = -2*w**2 + 35*w + 7. Let x(l) = -11*h(l) + 6*k(l). Let q be x(12). Calculate t(q).
2
Let u(j) = -j**3 + j**2 - 3*j + 2. Suppose 3*x = -0*x - 18. Let i = 8 + x. What is u(i)?
-8
Let o(g) be the first derivative of -5/2*g**2 - 5/3*g**3 - 1/4*g**4 + 2*g - 4. Determine o(-4).
6
Suppose -72 = 4*p - 10*p. Let h(z) = z**2 - 12*z - 5. Give h(p).
-5
Let b = 73 + -70. Let u(l) = -2*l + 1. Calculate u(b).
-5
Let o(q) = -q**2 + 7*q - 6. Suppose -2*t + 5*t - 12 = 0. Suppose 2*d = -4*r + 18, t*d + 6 = -r - 0*d. Determine o(r).
0
Let h = 5 + 0. Let t(s) = s**3 + 6*s**2 - 4*s. Let p(b) = -2*b**3 - 13*b**2 + 7*b + 1. Let m(f) = h*t(f) + 2*p(f). What is m(-5)?
7
Let t(m) = 2*m**2 - m - 6*m**2 - m**3 + 2 - 3 + 2. Give t(-4).
5
Let x(v) be the second derivative of -v**5/20 - v**4/3 + 5*v**3/6 + 3*v**2 - 238*v. Suppose -3*q = -5*k + 35, -q - 9 = -4*k + 12. What is x(q)?
6
Suppose -16 = -8*k + 4*k, 5*l = -4*k + 36. Let z(h) = 0*h - h + 12*h**2 - l*h**2. Let g = 320 - 319. Determine z(g).
7
Suppose 1 + 3 = 2*w. Let o(c) be the third derivative of c**4/6 + 9*c**2. Give o(w).
8
Let u(f) = 4*f + 17. Let n(a) = -5*a - 18. Let g(z) = -5*n(z) - 6*u(z). What is g(10)?
-2
Let r(x) = -x**3 + x**2 + x - 3. Let m(h) = 2*h**3 - 2*h**2 - h + 4. Let v(u) = -2*m(u) - 3*r(u). Determine v(0).
1
Let h(r) = 2*r**2 + 4*r - 2*r**2 - 3 - r**2. Let s = 11 + -1. Suppose -4*g - g = -5*z + s, z - 4 = 0. Determine h(g).
1
Let n(c) = -c**2 + 1. Let w(y) = 6*y**2 - 3*y - 3. Let t(k) = -5*n(k) - w(k). Calculate t(5).
-12
Let m = 7 + -4. Let f = m + 3. Let h be (-1)/3 - 4/f. Let t(j) = 3*j**3 - j**2 - j. Give t(h).
-3
Suppose 3*v - 38 = -2*m - v, -68 = -4*m - 4*v. Suppose 2*u = -4*f - 4 - 16, -3*f - 3*u - m = 0. Let i(j) = j**2 + 5*j - 2. What is i(f)?
-2
Let p(z) be the third derivative of -z**9/7560 + z**8/10080 - z**7/2520 + z**6/720 + z**5/15 - 2*z**2. Let u(h) be the third derivative of p(h). Determine u(1).
-7
Let m(j) = 3 - 4 - 2 + j + 1. Suppose -3*u - 21 = -3*x - u, 5*u = -3*x + 21. Determine m(x).
5
Suppose 4*n - 22 = 5*s - 8, -5*n + 5*s + 20 = 0. Let f(b) = -n*b - 4 - 2*b + 5*b**2 - 6*b**2. Calculate f(-5).
11
Let p(d) = 4 + 1 - 2 + d. Suppose 11*v = 6*v - 25. Determine p(v).
-2
Let o(j) be the second derivative of j**5/20 - j**4/2 + j**3/2 + 7*j**2/2 - 16*j. What is o(5)?
-3
Let m(p) = p**2 - 14*p + 8. Let s(g) = -g**2 + 13*g - 7. Let l(z) = 4*m(z) + 5*s(z). What is l(4)?
17
Let q(w) = -w - 5. Let d = 7 - 2. Suppose -d*y = -2*y + 12. Calculate q(y).
-1
Let s(y) be the second derivative of -y**3 + y - 5/2*y**2 + 0 - 1/12*y**4. Suppose 4*i = -2*l + 6, 4*i = -3*l - 0 + 1. Calculate s(l).
0
Let z(b) be the third derivative of b**5/60 + b**4/8 - b**2. Suppose 0*j + 8 = -2*j. What is z(j)?
4
Suppose v = -9*v + 20. Let y(t) = -2*t + 2. Give y(v).
-2
Let a(y) = -y - 36 + 33 - 5*y. What is a(-3)?
15
Let h(p) be the third derivative of 0*p + 7/24*p**4 + 4*p**2 + 2/3*p**3 + 0 + 1/60*p**5. Determine h(-5).
-6
Let w(y) = y. Let c(o) = -2*o - 1. Let d(n) = c(n) + 3*w(n). Let f = -2 + 5. Determine d(f).
2
Let b = 13 + -9. Let j(o) = -o**3 + 3*o**2 + 3*o - 1. Calculate j(b).
-5
Suppose 132 = -t + 125. Let p(w) = -w - 7. Give p(t).
0
Let t = 2 + 3. Let z(i) = -t*i - 3*i + 1 + 3*i. Let x = -7 + 6. Give z(x).
6
Let y = 2 + 2. Suppose -9 = 2*j - d, y*d - d - 12 = j. Let a(k) = 3*k + 4. Determine a(j).
-5
Let c(v) be the first derivative of -v**5/120 + v**4/12 + 2*v**3/3 + 1. Let z(o) be the third derivative of c(o). Let k(d) = d - 3. Let n be k(3). Give z(n).
2
Let x = 37 + -31. Let v(g) = g. What is v(x)?
6
Let n(x) = -4*x + 4. Suppose -5*y + 9 = -2*y. Calculate n(y).
-8
Let r(s) be the third derivative of s**5/30 + 5*s**4/24 - 2*s**3/3 - 4*s**2. Let b = -2 - -3. Let z be (b + 3/(-2))*8. Give r(z).
8
Suppose 12 = 4*d, 6*q - 3*q = -4*d + 30. Let t(b) = -b**2 + 0*b**2 - 8*b - q + b. Calculate t(-4).
6
Let x(t) = -2*t**2 - 16*t - 8. Let i be x(-7). Let r(c) = -c**2 + 5*c + 4. Calculate r(i).
-2
Let x(d) be the first derivative of 2*d**2 - d - 26. Give x(1).
3
Let l(r) = -r + 3. Let n(i) = 2*i - 5. Let p(w) = 5*l(w) + 2*n(w). What is p(-5)?
10
Let r(p) = p**3 - 3*p**2 - 3*p - 2. Let i be 1*4/(-8)*0. Suppose i = -h + 3. Give r(h).
-11
Let j(d) be the second derivative of -d**3 + d**2/2 - 12*d. Suppose -c = -3*c - 2. What is j(c)?
7
Let g = -98 + 95. Let y(v) = 7*v**3 + 4*v**2 + 3. Let j(z) = z**3 + 1. Let w(l) = -6*j(l) + y(l). Give w(g).
6
Suppose 0 = -l + 3. Let t(m) = m**3 + 2*m**2 + 4*m - 2. Let o(j) = 3 + j**2 - 2 - 1. Let a(d) = -6*o(d) + t(d). Determine a(l).
1
Let m(v) be the second derivative of 5*v**3/2 - 3*v**2/2 - 42*v. Calculate m(2).
27
Let p(u) = 4*u + 5. Let x be 2*(0 - -2)*2. Let j(s) = s - x - 3 - 10*s. Let v(k) = -6*j(k) - 13*p(k). Determine v(-3).
-5
Let m(x) be the third derivative of -x**4/24 + 4*x**2. Calculate m(-5).
5
Let m = 118 - 112. Let i(h) = h**3 - 7*h**2 + 5*h. Give i(m).
-6
Let y = 5 - 5. Let f be (-1 + (1 - y))/(-1). Let k(d) = -d**3 + d**2 - 12. Determine k(f).
-12
Suppose 2 + 7 = 9*j. Let u(w) = -4*w. Calculate u(j).
-4
Suppose 4*r + 28 = -2*c, -4*c - 10 = 2*r - 2*c. Let p(n) = n + 6. Give p(r).
-3
Suppose 0 = 5*b + 1 + 19. Let q(u) = -u**3 - 3*u**2 - 5. Determine q(b).
11
Let i(c) be the first derivative of -c**2/2 + 8*c - 2. Suppose 2*q + 1 = 11. What is i(q)?
3
Let p(k) be the second derivative of k**3/3 + k**2 + 10*k. What is p(3)?
8
Let n(m) = -4*m + 3*m + 2*m. Let t be ((-1)/1)/(23/92). Calculate n(t).
-4
Let h(n) = 5*n**3 - 4*n**2 - 13*n - 2. Let m(w) = -9*w**3 + 7*w**2 + 24*w + 3. Let i(t) = -7*h(t) - 4*m(t). Determine i(3).
14
Let f(u) = -11*u**3 + 17*u**2 - 15*u + 6. Let r(x) = -5*x**3 + 8*x**2 - 7*x + 3. Let t(y) = 4*f(y) - 9*r(y). What is t(3)?
-3
Let q(u) = u**3 + u - 7. Let m(y) = -y**3 + y**2 + 6. Let r(o) = -o**3 + 3*o**2 + 4*o + 4. Let v be r(4). Let f(a) = v*m(a) + 3*q(a). Calculate